igit of ((-2)/u)/(4/(-24))?
4
Suppose -20 = -3*t + 10. What is the units digit of t?
0
What is the tens digit of 0/(-5) + 2 + 132?
3
Suppose -o + 2*r = -2*r + 5, -3*r = 0. Let n = -1 - o. Let t(d) = 5*d. What is the units digit of t(n)?
0
Let y(m) = m**3 - 5*m**2 + 1. Let p be y(4). What is the units digit of (-250)/p - 1/(-3)?
7
Suppose -j + 2*u + 163 = 0, j - 127 = 4*u + 44. What is the tens digit of j?
5
Let h(i) be the second derivative of i**5/20 - i**4/12 + i**3/6 + 7*i**2/2 + i. Let t be h(0). Let q = t - -2. What is the units digit of q?
9
Suppose 0 = 15*m - 5*m - 770. What is the tens digit of m?
7
Let i = -17 - -35. Suppose 2*a + 6 = i. What is the units digit of a?
6
Let w(x) = x**3 + x**2 + 33. Suppose 0 = g + 4, 4*y - 5*g + 6 = 26. What is the units digit of w(y)?
3
Let q(n) = -n**2 - 6*n + 2. Let c = -13 - -8. What is the units digit of q(c)?
7
Let l = 10 - 5. Suppose -l*h + 16 = 1. What is the units digit of h?
3
Let l = 12 - 9. What is the units digit of (-12)/(3*l/(-12))?
6
Let k = -7 - -7. What is the units digit of (k - -5)*(-28)/(-5)?
8
Let b(o) = o**3 - 2*o**2 - 4*o - 16. What is the tens digit of b(5)?
3
Let h = 192 - 115. Let n = h - 46. What is the units digit of n?
1
Let t be 12/16*(-1 + -3). Let l = 4 + t. What is the units digit of l?
1
Suppose x - 2*x = -18. What is the tens digit of x?
1
Suppose k + 35 = 6*k. Let g(d) = -d**3 + 7*d**2 + d - 5. Let o be g(k). Suppose o*w + 4 = 12. What is the units digit of w?
4
Let j = -32 + 22. Let z be (-4)/(-2) + 2/2. What is the units digit of z + -2 - j/2?
6
Let t(x) = -5*x**3 + 6*x**2 - 2*x + 3. Let c(f) = 4*f**3 - 6*f**2 + 2*f - 3. Let h(u) = 4*c(u) + 3*t(u). What is the units digit of h(6)?
9
Let g(u) = u**3 + 7*u**2 - 13*u - 9. Let q be g(-8). Suppose q = 4*x + y + 4*y, -x - 5 = -3*y. What is the units digit of x?
4
Let l(n) = -n**2 + 7*n + 3. Let f(p) = p**2. Let i be f(2). What is the tens digit of l(i)?
1
Suppose 3 - 1 = y. What is the units digit of y?
2
Let p(d) = 12*d**3 - d**2 + d - 1. Let g be -2 - (-2 - (-3 + 4)). What is the tens digit of p(g)?
1
Suppose -2*h = 4*c - 30, 3*c + h + h - 23 = 0. Let j = 9 - c. Suppose 2*y + 13 = y + 4*b, -j*y - 14 = -5*b. What is the units digit of y?
3
Let a be -3*(-21)/9*2. Suppose -3*z - v = -a - 6, 0 = z - 3*v. Suppose -3*b + 20 = -j, -b + z = 3*j - 14. What is the units digit of b?
8
Let d = 90 - 10. What is the units digit of d?
0
Suppose 4*k + k = 4*m - 134, 40 = -2*k + 5*m. Let s = -16 - k. What is the tens digit of s?
1
Let p = 84 - -111. What is the hundreds digit of p?
1
Suppose 3*c - r = -41 + 184, 243 = 5*c + 3*r. What is the units digit of c?
8
Suppose 3*l - 125 = -l + 5*d, 0 = -l + 2*d + 29. What is the units digit of l?
5
Suppose 0 = -0*c + c - 59. What is the units digit of c?
9
Suppose 0 = -11*r + 374 + 319. What is the tens digit of r?
6
Let b(x) = -x**3 - 6*x**2 + 6*x - 4. Let v be b(-7). Suppose 0 = v*z + 2*z - 35. What is the units digit of z?
7
Let b(t) = t**3 - 9*t**2 - 2*t + 9. Let z be b(9). Let k(p) = -p**2 - 11*p - 4. What is the units digit of k(z)?
4
Let w = 1 + 2. Suppose 2*p + 5 = -3*z, 0 = -3*p + z + 6 + w. What is the units digit of (10/(-6) + p)*3?
1
Suppose 2*s = -0*s + 16. Suppose s*w - 7*w = 15. What is the units digit of w?
5
Let p be 15/20 - (-34)/8. Let d(f) = 6*f + 3 - p*f - 4. What is the units digit of d(2)?
1
Let i = 48 + -31. Suppose -2 + i = 5*v. What is the units digit of v?
3
Let w(y) = -y**2 - 6. Let r be w(0). Let v be 8/(-6)*r/(-4). What is the units digit of (0 - (-3 - v))*7?
7
Suppose 52 = 5*b - 8. Suppose b = d - 0*d. What is the units digit of d?
2
Suppose 4*f = 8*f - 260. What is the tens digit of f?
6
Let p be 23*2 - (1 - -2). Let k be (-1 - 0 - -2)*-26. Let z = k + p. What is the units digit of z?
7
Let w(j) be the first derivative of 1/4*j**4 - j + 1/2*j**2 + 1 + 5/3*j**3. What is the units digit of w(-4)?
1
Suppose 0 = 5*m + 12 - 117. Let s = m + -2. Let o = s + -12. What is the units digit of o?
7
Let d = -5 - -13. Suppose 47 = 3*h - i, h - d - 9 = -i. What is the tens digit of h?
1
What is the units digit of 10/(((-28)/8)/(-7))?
0
Let l(v) = v**3 + 3*v**2. Let x be l(-3). Let n = 1 - x. Let b(y) = 4*y**2 - 2*y + 1. What is the units digit of b(n)?
3
Let s be (2/(-6))/((-1)/159). Suppose -4*j = 2*t - 38, j + 3*j - t - s = 0. What is the tens digit of j?
1
Let o(q) = q**2 - 5*q + 1. Suppose -t - 15 = -4*b, 2*b + 2 = -t + 17. What is the units digit of o(b)?
1
Let n(x) = 3*x + 7 + 0*x + 4*x + 4. What is the units digit of n(6)?
3
Let a be (-1)/(2/(-1 + -1)). Suppose 0 = -3*q - 2*f + 2, 3*f = 3*q + a + 2. Let w = q + 4. What is the units digit of w?
4
Suppose u + 5*y = -3*u - 17, 0 = -3*u - 2*y - 11. Let t(i) = i**3 + 5*i**2 + 3*i - 4. What is the units digit of t(u)?
5
Let z(v) = -v**3 + 3*v + 2. Let r be z(-2). Let n = -21 + 19. Let x = r + n. What is the units digit of x?
2
Let c be 2 - 2 - (-1 - 1). Let i(t) = -4 + 4*t + c*t + 2. What is the units digit of i(2)?
0
Let q(u) = -u**2 - 7*u - 5. Let l be 4/(-3)*108/(-8). Let h = 12 - l. What is the units digit of q(h)?
1
Let p be 9/12 - (-34)/8. Let z(t) = -p + 9*t - 8*t - 3*t. What is the units digit of z(-8)?
1
Let a = -4 + 15. What is the units digit of -4 + a + (-3)/1?
4
Suppose 0 = -c + 2*h + 27, 5*c - 138 = 2*h + 5. What is the tens digit of c?
2
What is the tens digit of 2*(19 + (2 - 1))?
4
Suppose 0 = 5*j + t + 4*t - 780, -5*j = 4*t - 776. What is the hundreds digit of j?
1
Let r = 250 - 142. What is the units digit of r?
8
What is the tens digit of ((-3)/(-2))/(3/80)?
4
Suppose -23 = -2*h + 83. What is the units digit of h?
3
Let b = 182 - 76. Suppose -4*t + q + b = -q, 0 = 2*t - 4*q - 62. What is the units digit of t?
5
Suppose -5*n + 18 = 2*s - 97, -n = 3. What is the units digit of s?
5
Let b = -11 + 13. Suppose -4*d + 70 = 2*x, -b*d = -4*d + 8. What is the units digit of x?
7
Let n(j) = 4*j + 3. Let d be n(4). Let k = -12 + d. Suppose k = 4*v - 9. What is the units digit of v?
4
Let q be (16/(-12))/(4/(-6)). Suppose -6*z + 20 = -q*z. What is the units digit of z?
5
Let m be (-2*1)/(5 + -6). Suppose -6 = m*z - 14. What is the units digit of z?
4
Let l(p) = -4. Let z(t) be the second derivative of -t**3/6 - 17*t**2/2 - 3*t. Let h(v) = 9*l(v) - 2*z(v). What is the tens digit of h(6)?
1
Suppose 6 = 5*v + 1. Suppose -z - a + 0 = -v, 0 = 4*a + 8. What is the units digit of z?
3
Let q(g) = -6*g - 6*g**2 - 2 - 3 + 2*g**3 - g**3. What is the units digit of q(7)?
2
Let z be (-791)/(-28) - (-2)/(-8). What is the tens digit of (-6)/21 - (-960)/z?
3
Suppose 3*r + 2*o = 7*r + 14, 2*r + o + 17 = 0. Let n(t) = -t**2 - 7*t - 4. What is the units digit of n(r)?
2
Let v(w) = w**2 + 15*w + 5. What is the units digit of v(-15)?
5
Let s = 13 - -7. What is the tens digit of 4/10 + 312/s?
1
Let a(u) = u**3 + 8*u**2 + 6*u + 8. Let m be a(-7). Let s = m - -10. What is the tens digit of s?
2
Let p(f) = -f**3 + 6*f**2 + 6*f - 8. Let g be p(6). Suppose 0 = n - 3*n + g. What is the tens digit of n?
1
Let k be -2*((-9)/6)/1. Let c(u) = 6*u**2 - 3*u. Let f be c(k). What is the tens digit of ((-4)/(-6))/(3/f)?
1
Let c(a) = 4*a - 2. Let o(p) = -4*p + 1. Let y(t) = 3*c(t) + 2*o(t). What is the units digit of y(6)?
0
Let l(u) = u**2 - 7*u + 2. Let p be l(7). What is the units digit of p/(-10) + (-286)/(-55)?
5
Let j(q) be the first derivative of q**2 + 3*q + 1. What is the tens digit of j(4)?
1
Let x be (-48)/36*(-27)/(-2). Let o = x - -31. What is the tens digit of o?
1
Let u = -17 - -11. Suppose 2*q + 2*a - 1 = 5, -4 = -4*q - 2*a. Let b = q - u. What is the units digit of b?
5
Suppose -g = -4*g + 48. Let o = g - 6. What is the units digit of o?
0
Suppose -6 = -3*g, -4*x + 2*x + 4*g + 8 = 0. Suppose x = f + f. Let c = 5 + f. What is the units digit of c?
9
Let a = -194 + 118. Let g = a + 128. What is the tens digit of g?
5
Suppose -46 + 316 = 5*c. What is the units digit of c?
4
Let p be -4*3/6 - -4. Suppose -2*a + 2 = 0, -p*a + a = 3*c - 61. What is the tens digit of c?
2
Let m = 74 + -4. What is the units digit of m?
0
Suppose 30 = -3*c + 306. What is the tens digit of c/6 - 3/9?
1
What is the units digit of (-1 - -4)*(-14)/(-3)?
4
Let y(d) = -94*d - 3. What is the tens digit of y(-2)?
8
Suppose 3*b = -4*w + 179, 5*b + 4*w - w = 291. Let u